termine a(-1).
0
Let v(w) be the first derivative of -3/2*w**2 + w - 3 - 2/3*w**3. Determine v(-3).
-8
Let g be (-6)/(3/2*-1). Let c(u) = u + u - g*u. Calculate c(-2).
4
Let v(y) = y. Let h(x) = -4*x + 1. Let o(r) = 2*h(r) + 9*v(r). Calculate o(5).
7
Let u = -10 + 5. Let t(f) = 4*f + 15. Let i(l) = 2*l + 7. Let d(q) = 9*i(q) - 4*t(q). What is d(u)?
-7
Let w be (8/(-10))/(4/(-10)). Suppose b = 3*b - 4. Let h(q) = -w + 3 - b*q - q. Determine h(-1).
4
Let j(t) = 13*t**3 + 9*t**2 - 6*t - 4. Let p(s) = -6*s**3 - 4*s**2 + 3*s + 2. Let g(n) = 2*j(n) + 5*p(n). Determine g(-2).
20
Let u(v) = -2*v**2 + v + 2. Let y be u(2). Let x be ((-2)/4)/(1/y). Let a(t) = -3*t + 3*t - x*t. What is a(2)?
-4
Let d(r) = -23*r - 1. Let c be 1/(5/(-10 - -5)). Determine d(c).
22
Let m(i) be the second derivative of i**5/20 - i**4/2 + 4*i**2 - 44*i. Let v(r) = -2*r. Let t be v(-3). What is m(t)?
8
Let b be 0 - (-1 + 1/1). Let t(j) be the third derivative of j**4/24 + 3*j**3/2 - 3*j**2. What is t(b)?
9
Let k be (-2 - -2) + (1 - -3). Let b(i) = 2*i + 4 - 3*i + 0*i. What is b(k)?
0
Let c(l) = 7*l + 1. Let k(b) = 8*b + 1. Let a be 2/3 + (-13)/(-3). Let t(x) = a*c(x) - 4*k(x). What is t(2)?
7
Let g(f) = f**3 + f**2 - 4*f - 3. Let o be 4*(2 + -5 + 2). Let a = o - -6. Suppose 2*u + 6 = a. Calculate g(u).
1
Let m(n) = -n**3 - n**2 + n. Let a(b) = 7*b**3 + 11*b**2 - 11*b - 6. Suppose 5 = -4*o + 1. Let j(k) = o*a(k) - 6*m(k). What is j(-6)?
12
Let d = 108 - 112. Let j(a) = -a**3 - 3*a**2 + 2*a + 1. Give j(d).
9
Suppose -4*i + 0 = y + 5, 3*y = -3*i + 3. Let f(w) = -3*w**2 + 8*w - 6. Let v(c) = -2*c**2 + 7*c - 6. Let a(z) = y*f(z) - 4*v(z). Determine a(-5).
1
Let m(s) = -s**2 + 6*s + 1. Let g be m(5). Let y(p) = -12 - p + 12 - g*p**2. Calculate y(-1).
-5
Let z = 1 + 1. Suppose -4*j = z*y - 4 - 16, 14 = 2*j + 3*y. Let i(b) = -3*b + 3 - 2*b + 3*b + 2. Determine i(j).
-3
Let q = -6 + 6. Let k = 3 - q. Let t(y) = y**3 - 4*y**2 + 2*y + 3. Calculate t(k).
0
Let i(y) = 2*y**2 - y**3 - 4*y - 2*y + 0*y**2 + 5*y - 1. Calculate i(2).
-3
Let m(k) = -k**2 - 6*k**2 - k**2 + k + 2 + 5*k**2 - k**3. What is m(-3)?
-1
Let q(l) be the third derivative of l**4/8 - l**3/2 + 8*l**2. Determine q(-6).
-21
Let q(t) be the first derivative of -1/4*t**4 - 2*t**2 + t - 4 + 2*t**3. Let f = 6 + -1. Determine q(f).
6
Suppose -3*r - 40 = -0*t + 2*t, -5*r - 5*t - 75 = 0. Let q(f) = f**3 + 11*f**2 + 10*f - 6. Determine q(r).
-6
Let l(o) be the third derivative of o**6/120 + o**5/60 + o**4/24 - 11*o**3/6 + 23*o**2. Give l(0).
-11
Let m(a) = -a**2 - 1. Suppose 5*t = -3*l + 17, 7*t + 2*l - 4 = 11*t. Determine m(t).
-2
Let g(b) = -b - 4. Let o be -4 + (4*-1 - -2). What is g(o)?
2
Let a be ((-3)/(-2))/(4/(-112)). Let b be (7 - 0)*36/a. Let o(d) = -d**3 - 7*d**2 - 6*d - 6. What is o(b)?
-6
Let f(q) = -q + 5. Let k be f(5). Let g(h) be the third derivative of -1/24*h**4 - 1/60*h**5 - 2*h**2 + 0 + 0*h - 4/3*h**3. Calculate g(k).
-8
Let b(g) = 8*g - 1. Let h be b(-3). Let w = h + 31. Let x(p) = p**3 - 7*p**2 + 8*p - 7. Determine x(w).
5
Let v(g) = -g. Let s(i) = i - 10. Let r be s(7). Let x be 9 - (3 - (-3 - r)). Give v(x).
-6
Let c(o) = 2*o**3 + 3*o**2 + o + 2. Suppose 0 = -11*u + 7*u - 8. What is c(u)?
-4
Suppose -3*s = -2*f - 14, 24 = -0*s + 4*s - 4*f. Let j be 7 + -2 - (s - 2). Let p(l) = -l**2 + 6*l - 6. Give p(j).
-1
Let m be ((-1)/3)/(1/(-3)). Let h(n) = -n**2 + 0 - 5*n**2 + n**2 - m. Let v = 11 - 10. Calculate h(v).
-6
Let r(z) = -z**3 + 3*z**2 + 2*z + 5. Let d be ((-16)/6 + 0)*-3. Let v be 3*4/24*d. Calculate r(v).
-3
Let x(g) be the second derivative of g**7/840 + g**6/360 - g**5/60 + 7*g**3/6 - 8*g. Let o(y) be the second derivative of x(y). What is o(2)?
8
Let u(m) = 2*m. Let y(r) = 8*r + 3. Let p(a) = -3*u(a) + y(a). What is p(-2)?
-1
Let h(a) = 5*a**3 - 11*a**2 - 5*a + 3. Let t(s) = -11*s**3 + 23*s**2 + 10*s - 6. Let c(u) = 13*h(u) + 6*t(u). Give c(-4).
7
Let t(d) = 4*d - 13 + 11*d**2 + 6*d - 12*d**2. Give t(9).
-4
Let f = 1 - -3. Suppose 5*p - 5*b + 2*b = f, p - 5*b - 14 = 0. Let x(a) = -14*a**3 - 2*a**2 - 2*a - 1. What is x(p)?
13
Let g be 4/(-1)*3/(-12). Let x(q) = 18*q - 38*q + 19*q + g. Calculate x(6).
-5
Let r(a) be the first derivative of a**2 - 5*a + 30. Calculate r(6).
7
Let m = -8 - -14. Let g(n) = 13*n - m*n - 3*n + n**2 + 1. What is g(-5)?
6
Suppose d = 2*i + 6, -5*i + i = 3*d - 8. Let f(a) = 6*a**2 + 3. Let y(h) = 12*h**2 - h + 7. Let p(k) = 5*f(k) - 2*y(k). Calculate p(i).
5
Let z = 18 - 25. Let y(b) = -4*b**3 - 14*b**2 - 9*b + 4. Let l(r) = -3*r**3 - 12*r**2 - 8*r + 2. Let t(m) = 3*l(m) - 2*y(m). What is t(z)?
-9
Let t(j) be the first derivative of j**3/3 + 5*j**2/2 + 2*j - 4. Determine t(-6).
8
Let p(c) be the first derivative of 2/3*c**3 - 1/12*c**4 - 1/2*c**2 - 2 + c. Let r(j) be the first derivative of p(j). Calculate r(3).
2
Let b(h) be the first derivative of -7*h - 1/3*h**3 + 2 - 7/2*h**2. Calculate b(-5).
3
Let r(j) = -5*j - 1 - 174*j**2 + 2*j + 173*j**2. Determine r(-5).
-11
Let p(h) = -h**2 + 2*h + 4. Let c = 0 - -5. Suppose 4*i = u + 2 - 20, 3*i - 159 = -c*u. Let x be (u/4)/3*2. Calculate p(x).
-11
Let n(a) = -a**3 - a**2 + a. Let r(w) = -8*w**3 - w**2. Let d(f) = n(f) - r(f). Let g(b) = -b - 2. Let h be g(-3). Give d(h).
8
Let l(g) = -g + 1. Let k(r) = r - 4. Let j(s) = k(s) + 3*l(s). What is j(2)?
-5
Let a(z) = -2*z**3 + 132 - 132 - 4*z**2. Calculate a(-3).
18
Suppose 3*l + 32 = 4*d, 5*l + 2 = -3*d - 3. Let n be (l/6)/(2/(-9)). Let k(a) = -1 + 3*a**3 - 5*a**2 - a + 2*a**2 - 2*a**n. Give k(2).
-7
Let s(d) = 2*d - 1. Let q be s(3). Let t be (-16)/40 - (-27)/q. Let n(y) = -y**3 + 6*y**2 - 4*y - 2. Determine n(t).
3
Let a(p) = 9*p**2 - p - 2. Let k(f) = f**2. Let u(v) = a(v) - 2*k(v). Determine u(2).
24
Suppose 4*r - 8 = 52. Let d = -14 + r. Let o(j) = -12*j - 2. Let y(f) = 11*f + 1. Let a(l) = 2*o(l) + 3*y(l). Calculate a(d).
8
Let k(j) = j - 4. Let t be k(6). Let r(b) = -2 - 2*b**t - 2*b - b**2 + 7*b**2. Let z = 8 - 6. Give r(z).
10
Let w(q) = -q. Let t(x) = -x**2 + x + 3. Let v(u) = -t(u) - 4*w(u). Determine v(-5).
7
Suppose 2*x + 3*n = -14, -n - 3*n - 11 = -5*x. Let i(r) be the first derivative of r**4/4 + 2*r**3/3 + r**2 + r + 57. Calculate i(x).
0
Let h(y) = -7*y**3 - 17*y**2 - y + 11. Let m = -16 - -11. Let l(k) = -4*k**3 - 9*k**2 - k + 6. Let v(c) = m*l(c) + 3*h(c). Calculate v(-6).
-9
Let k(j) = j + 8. Suppose -2*a + a + 10 = -d, -3*d = 5*a - 2. Let q be k(d). Let i(l) = -3*l + 5 - 3*l + q*l + l**2 - 2. Determine i(3).
0
Let n(d) = -d. Let s(g) = -g + 3. Let c(a) = 2*n(a) - s(a). What is c(-3)?
0
Let l(w) = -5*w**3 + w. Let n be (-4)/(12/45) - -1. Let t be (-74)/n + (-2)/7. Suppose z - t = -4*z. Give l(z).
-4
Let i(u) be the first derivative of u**3/6 - 3*u**2/2 + u - 2. Let k(v) be the first derivative of i(v). Let p = 0 - 0. Determine k(p).
-3
Let j(v) = 4 - 2 - v + 1. Let c(k) = k + 6. Suppose 2*u - 6*g + g = -27, g - 27 = 4*u. Let w be c(u). Calculate j(w).
3
Suppose 4*t - 18 = 6. Let b be 32/t + 7/(-21). Let i(c) = c**3 - 5*c**2 + c + 4. Determine i(b).
9
Suppose -3*y - 12 = 2*o, -8 = -4*y - o - 29. Let m(b) = 3*b + 6. Give m(y).
-12
Let v(d) = -d**2 + 2*d + 2. Let m(x) = 3*x**2 + x + 2. Let f be m(-1). Determine v(f).
-6
Let n(v) = v**3 - 3*v**2 - v + 1. Let f(b) = b**2 - 2. Let h be f(2). Give n(h).
-5
Let r(n) = 1 + 6*n**2 + 5 - n**3 - 3 - 2 - 6*n. Determine r(5).
-4
Let z(d) = -15*d**3 + 3*d**2 - 12*d - 2. Let c(o) = 7*o**3 - o**2 + 6*o + 1. Let h be 2 + -2 + 6/(-1). Let v(j) = h*z(j) - 13*c(j). Calculate v(-4).
7
Let d(m) = m - 4. Let l(i) = 3*i**2 - 13*i + 1. Let p be l(4). Determine d(p).
-7
Let i(q) = -5*q - 2 + 3 + 6*q. Let j(w) = -1. Let c(r) = i(r) - 3*j(r). What is c(-3)?
1
Let l(g) = -g + 7. Let i(y) = y**3 - y + 6. Let f be i(0). Give l(f).
1
Let i(y) be the first derivative of 7*y**2/2 + 3*y - 36. Determine i(-4).
-25
Let a be (-9)/6*(-2)/(-1). Let j(l) = -5*l**2 - 3*l - 2. Let d(k) = -3*k**2 - 2*k - 1. Let b(h) = -7*d(h) + 4*j(h). Calculate b(a).
2
Let i = -2 + 0. Let g(v) be the second derivative of -v**4/6 - v**3/3 + v**2/2 + 5*v. Calculate g(i).
-3
Suppose 0 = 4*t + 4*r - 12, 4*t - 5*r - 10 = -10*r. Let l(f) = -4 - 6 - 2*f + f**2 + 4. Determine l(t).
9
Let u(b) = b**2 - 1 + 3 + 4*b + 2. Suppose 14 = -d - 2*c, -2*d + 5*d - 4*c - 8 = 0. Give u(d).
4
Let 